x) = -5*x + 0*x**3 + s*x**3 + 4 + x - 5*x**3 - 6*x**2 + 5*x. Let k(b) = -b - 1. Let v be k(5). Determine w(v).
-2
Let r(h) = -13*h + 2. Let b(o) = -77*o - 7. Let k(t) = -b(t) + 6*r(t). What is k(6)?
13
Let z(w) = 3 - 15 + 2*w - w**2 + 6. Suppose -9*m + 5*m = -36. Suppose -m*k = -3*k - 24. Give z(k).
-14
Let l(v) be the first derivative of 5*v**2/2 - 2*v - 22311. Let f be (0 - (-12)/(-9))*-3. Suppose -6 = -h + 6*h + f*y, y = 4*h - 12. Give l(h).
8
Suppose -17*x + 18 = x. Let w(z) = -5*z + 4 + 6317*z**2 - 6319*z**2 - x. Suppose 8 = 4*r, q + 6*r = 4*r. Give w(q).
-9
Let u(y) = -y**2 - 6*y + 34. Suppose 468*f - 914*f + 458*f + 120 = 0. Calculate u(f).
-6
Let k(o) = -118*o**3 + 117*o**3 + 5 - o - 4*o**2 - 2. Let a(p) = p**2 + 9*p + 9. Let t be a(-6). Let v be (1 - 4)/(-9)*t. Determine k(v).
-3
Let u(j) = 1 - 6*j + 2 + 0. Let w be 6 - (-8)/(-12)*2*3. Suppose -3*p + 2*p + w = 0. Determine u(p).
-9
Let h(a) = 2*a**2 - 54*a - 107. Let u be h(29). Suppose 31*y + u = 22*y. Let v(b) be the third derivative of -3*b**5/10 - b**4/24 - b**2. What is v(y)?
-17
Let k(v) = v + 103. Let d(x) = x + 56. Let m(c) = 9*d(c) - 4*k(c). Calculate m(-20).
-8
Let f(a) be the third derivative of -a**6/120 + a**5/12 + 7*a**4/24 + 4*a**3/3 - a**2 + 1202*a. Suppose b + 3*z = -9, -3*b + 6*z = 4*z - 28. What is f(b)?
14
Let q(c) = 3*c**3 - 5*c**2 - 3*c - 3. Suppose 17*o - 70*o + 136 = 15*o. Determine q(o).
-5
Suppose 103 + 102 = 3*u + 4*c, 0 = -3*c + 3. Let f(v) = -u + 3*v**2 + 32 + 33. Let g be 2*6/4 + -3 + 2. Give f(g).
10
Let j(x) be the first derivative of x**4/4 + 8*x**3/3 - x**2 - 12*x + 4956. What is j(-8)?
4
Let l(t) = -t - 2. Let p = -74 + 104. Suppose 8*i - p*i + 132 = 0. Calculate l(i).
-8
Let f(w) = 1 - w**2 + 9*w + 9*w + 0*w - 15*w. Let k be f(2). Let r(v) = 2*v + 0 + v**k + 3 - 9 - 6*v**2 + 2. What is r(5)?
-19
Let i(y) = 3*y. Let m(w) = 3*w + 20. Let j be m(-6). Let b be (((-9)/(-18))/((-1)/j))/(-1). Let a be i(b). Let f(c) = c**3 - 3*c**2 - c + 3. Calculate f(a).
0
Let n(p) = -p**3 + p**2 - p + 2. Let b(r) = 6*r**3 + 10*r**2 + 18*r - 27. Let h(o) = -5*o + 24. Let w be h(5). Let q(z) = w*b(z) - 5*n(z). Calculate q(-14).
3
Let y(l) be the first derivative of 43*l**2/2 - 208*l + 3512. Calculate y(5).
7
Let r(w) = -7*w - 30. Suppose 595 = -23*s + 480. Calculate r(s).
5
Let z(o) = -12*o - 11. Let p be (36/27)/(8/(-18)) + 2. Give z(p).
1
Let v(k) = 27*k**3 - 16*k**2 + 17. Let m(z) = -17*z**3 + 11*z**2 - 11. Let q(a) = -8*m(a) - 5*v(a). Let u(o) = 9*o - 1. Let p be u(1). Give q(p).
3
Let r(x) = -39*x**2 - 3*x - 2. Let u = 4747 + -4748. Give r(u).
-38
Let t(a) = 2*a - 9. Let h be t(6). Let i be h/((-6)/21*14/(-4)). Let m(c) = -42 + 43 - 8*c**3 + c - 3*c**3 - c**2 - c**i. What is m(-1)?
11
Let f(p) be the third derivative of -20 + 0*p + 5/24*p**4 - 2*p**2 - 1/2*p**3 - 1/60*p**5. Give f(7).
-17
Let k(d) = -4*d**2 - 9*d - 9. Let w be 2/(-4 - -5 - 0). Let r(p) = -p**2 - 2*p - 2. Let l(c) = w*k(c) - 9*r(c). Give l(2).
4
Let l(u) = 2 + 1 - 4 - 3 - 1 + 5*u. Let o(w) = 22*w - 15. Let r(y) = -9*l(y) + 2*o(y). Calculate r(10).
5
Let j(v) = -41*v**2 + 11*v - 1. Let r(h) = 2*h**2 + 3*h. Let y(n) = -j(n) + 4*r(n). Calculate y(-1).
49
Let o(w) be the second derivative of -5*w**4/6 - 7*w**3/6 + 3*w**2 - 64*w + 37. Calculate o(1).
-11
Let y(b) = 3*b - 2*b**2 + 3793 + b - 3794 + 3*b**2. Suppose 5*i + 22 - 2 = 0. Determine y(i).
-1
Let t(a) = 6*a - 6. Suppose -4*l - 37 = -5*h, 5*l + 22 - 17 = -2*h. Suppose -3*d = -5*d - h*r - 2, -4*d + 6 = 5*r. What is t(d)?
18
Suppose 115*v - 117*v + 12 = -r, -30 = -5*v + r. Let d(l) = 7*l - 46. What is d(v)?
-4
Let w(h) = -h**2 - 6*h - 5. Let f(d) be the third derivative of -d**5/15 - 5*d**4/24 + 5*d**3/2 - 45*d**2. Let l be f(-3). Calculate w(l).
-5
Let t(g) = 210*g + 15. Let d(u) = -1312*u - 91. Let q(s) = 4*d(s) + 25*t(s). Let k = 4 + -9. Determine q(k).
1
Let k(p) = -p**2 + 0*p - 62 - p + 53 - p**3. Suppose -g + 4*g = 306. Let d = 102 - g. Give k(d).
-9
Let y be (5/((-15)/(-42)))/(-1). Let s = y - -13. Let a(w) be the third derivative of -w**6/40 + w**5/60 + w**4/24 + 13*w**2. Determine a(s).
3
Let l(p) = 180*p - 8*p**2 + 59*p - 3 - 241*p + p**3. Calculate l(6).
-87
Let n(q) = 0*q - 1 - 2*q + 7*q. Suppose x + 4 = 0, 0 = j + x + 3*x - 25. Suppose 34 = -7*y + j. Determine n(y).
4
Suppose -2*w + 10*o + 262 = 12*o, o = -2*w + 258. Let m = w - 122. Let j(a) = 2 - 9 + 0*a + 2*a. Give j(m).
3
Let i(b) be the second derivative of -b**3/3 - 7*b**2/2 - 3940*b. Give i(-8).
9
Let i(n) = -2*n**2 - 6*n + 6. Let f(p) = -5*p**2 + 7 - 18*p + 9 + 2. Let q(m) = 3*f(m) - 8*i(m). Suppose 0 = -1749*v + 1695*v + 216. Calculate q(v).
-2
Let b(y) = -4*y + 14. Let k(a) = 2*a - 7. Let d(z) = -3*b(z) - 7*k(z). Suppose 2*s + 3*h - 59 = -62, 0 = -2*s - 2*h. Determine d(s).
1
Suppose 0 = 4*z - 4*k, z + 5*k = 3*z + 9. Let n(d) = 3*d + 37. Suppose 5*l - 34 = 2*y + l, 3*l = 0. Let w(i) = i + 13. Let f(s) = y*w(s) + 6*n(s). Give f(z).
4
Let s(g) = 3*g + 19. Suppose -j = -14*j + 2509. Suppose 48 = -j*f + 185*f. Give s(f).
1
Suppose 5*w = 2*c - 6*c + 363, -153 = -2*w + c. Suppose 4*f - w - 93 = 0. Let u = -46 + f. Let m(k) = 2*k + 3. Calculate m(u).
-5
Let t(f) be the second derivative of -3*f**3/2 - 7*f**2 + 1241*f. What is t(-5)?
31
Let z(j) = -6*j + 5. Let l(s) = 50*s - 295. Let x be (45/27)/((-15)/(-54)). Let o be l(x). What is z(o)?
-25
Let h(d) = -3*d**2 + 12*d - 2. Let p be h(3). Suppose -15 = 6*w - p*w. Let t be (w/(-6))/(-1 + 2/4). Let c(k) = -k**3 + 7*k**2 - 7*k + 4. Calculate c(t).
19
Let c(h) = 5*h + 57. Let d be c(-9). Let j(y) = y**2 + 30*y + 2 - d*y - 11*y - 7. Give j(-8).
3
Let b(q) = -2*q**3 + 4*q**3 + 5*q**3 + 13*q - 7*q + 8*q**2 + 5. Let m(a) = -8*a**3 - 9*a**2 - 7*a - 6. Let s(k) = 6*b(k) + 5*m(k). Calculate s(-2).
-6
Let s(d) = 3*d + 4. Suppose -4*n - 3*q + 176 = 0, 4*q = 2*n + n - 132. Let b = n - 40. Suppose -2*a = -2*k - b*a - 20, 3*a = -2*k - 24. Calculate s(k).
-14
Let w(t) = -383*t - 17. Let m(v) = -115*v - 6. Let h(f) = -10*m(f) + 3*w(f). Suppose 32 = -0*g - 4*g. Give h(g).
1
Let f(d) = -404*d + 7270. Let i be f(18). Let a(c) = -5*c**2 - 10*c - 2. Give a(i).
-2
Let i(t) be the first derivative of 16*t**2 - 93*t + 1043. Give i(3).
3
Suppose 23*b - 26*b + 54 = 0. Let x(k) = -14*k**2 + 4*k - b + k**3 - 5*k - 2*k**3. Determine x(-14).
-4
Let l be (-6)/(-12)*(10 + 0). Let h(i) = -34*i + i**3 - 17*i**2 + 36*i + 6*i**2 + 6*i**2 - 6. Determine h(l).
4
Let k(r) be the first derivative of 35*r**2 + 64*r + 5072. Give k(-1).
-6
Suppose -2*m = 4*u - 6, 0 = m - u + 2*u + 1. Let p be m*2/4 + (-9)/18. Let b(g) = 5*g + 1. Let n(w) = 5*w + 1. Let f(v) = p*n(v) + 2*b(v). What is f(1)?
-6
Let l = 137 + -137. Suppose 4*n - 25 = -5. Let i(o) = -n - 6 + 23 - 11 + o. Determine i(l).
1
Let k = 115 - 113. Let z(x) = 13 + 9*x**k + 4*x - 18 - 10*x**2 + 2*x**2. Determine z(-6).
7
Let i = -2171 + 2178. Let m(j) = 5*j**2 - 21*j + 15. Calculate m(i).
113
Suppose 0*y - 14*y - 43*y = -57. Let z(j) = 13*j + 3. What is z(y)?
16
Let z(l) = l**3 - 7*l**2 - 2*l + 7. Suppose -4*w = 7*w - 22. Suppose -4*p + 5*p + 3 = w*u, 53 = 4*p + 5*u. Determine z(p).
-7
Suppose -25*g = -4*h - 27*g - 34, -5*g = 2*h + 29. Let j(q) = -7*q - 1. Let d(u) = 15*u + 1. Let z(a) = -6*d(a) - 13*j(a). Determine z(h).
0
Suppose g + 9 = 15. Suppose g*i - 10 = 8. Let s(m) = -44 - m + 44 + i*m**2 + 5*m**3 - m**2. Calculate s(1).
6
Let n(g) = g**3 + 9*g**2 + g - 10. Let j be 63 - 69 - ((-5)/(-5) + 2). Calculate n(j).
-19
Let a(c) = -693*c - 405. Let j(r) = -412*r - 203. Let o(w) = -3*a(w) + 5*j(w). Determine o(-11).
-9
Let y(b) = 18*b + 1. Let u(h) = -7*h**2 - h + 97. Let v(n) = 20*n**2 + 5*n - 290. Let r(o) = 17*u(o) + 6*v(o). Let c be r(-18). What is y(c)?
-17
Suppose 0 = -d - 1 - 1. Let k be d/6 - (-117)/27. Let p(m) = 1 + m + 3*m + 3*m - 6*m + 1. Calculate p(k).
6
Suppose -4*b + 5*o - 118 = 682, 3*o + 1000 = -5*b. Let n = b + 607. Let k(j) = -6*j**2 + 408*j - n*j + 6 - j**3 - 1. Give k(-6).
-1
Let w(c) = c**2 - 5*c - 1. Let i = 60 + -54. Suppose -i*n = -8*n + 2. Let q be (3*-2 + (0 - n))*-1. Give w(q).
13
Let u(t) = t**2 + 3*t - 2. Suppose -d = -571 + 559. Let s(v) = 2*v - 20. Let i be s(d). What is u(i)?
26
Let i(t) = -22*t + 1. Let j = -2363 - -2361. What is i(j)?
45
Let a = 101 + -70. Let y(l) = 6*l**2 - l - 16. Let